pose 2*j - 6*j = -r. Calculate the highest common divisor of 66 and j.
6
Suppose -3*w - 3*b = -36, 69 = 2*w + 3*w + 2*b. Suppose 3*p = w - 6. Let c be ((-14)/3)/((-2)/9). Calculate the highest common divisor of p and c.
3
Let a = 23 + 31. What is the greatest common divisor of 6 and a?
6
Let f = 3 - 4. Let b be -1 - (f + 5)/(-2). Let c be (-1 - b)/(2/(-6)). Calculate the greatest common factor of c and 15.
3
Let p = 44 - 33. Calculate the highest common divisor of 121 and p.
11
Let a be 2/(-11) + (-1550)/(-55). Let n = 48 - a. Suppose n = k + 3*k. What is the greatest common factor of 5 and k?
5
Let v(s) = -s**2 - 5*s. Let k be v(-4). Calculate the greatest common divisor of 32 and k.
4
Suppose -5*k = -10*k + 140. What is the greatest common divisor of 28 and k?
28
Suppose -3*n + 19 = -5. Let w(r) = -r**2 + 6*r - 7. Let h be w(5). Let g be (-147)/(-9) + h/6. Calculate the greatest common factor of n and g.
8
Suppose 4*h - 17 = j, 2*h - 28 = 2*j + 12. Suppose 61 = -2*b - 9. Let k = j - b. What is the highest common divisor of k and 28?
14
Let h be (1/3)/((-2)/(-12)). Suppose -3*c - 3*q - 35 + 245 = 0, 4 = -h*q. Calculate the greatest common factor of c and 48.
24
Let f = 41 + 99. Calculate the highest common divisor of 56 and f.
28
Suppose 4*n = 2 + 26. Calculate the highest common factor of n and 14.
7
Let d = 81 - 70. What is the highest common divisor of d and 176?
11
Suppose -2*l + 176 = 2*l. Let j be (-1)/(-1)*6 - 1. Suppose c = -j*p + 21, -4*p + 5*c + 15 = p. Calculate the highest common factor of p and l.
4
Let i be 328/5 - 4/(-10). Suppose 2*l = -2*u + 28, 3*u - i = 3*l - 0*l. Let p = u - 13. Calculate the greatest common factor of 5 and p.
5
Let n = 2 + -1. What is the greatest common factor of n and 3?
1
Let z(u) = 2*u - 4. Let k be z(5). Suppose -4*v - 2*w + w = -15, -3*w - k = -5*v. Let y = v - -41. What is the greatest common factor of 4 and y?
4
Let z(i) = -4*i**2 + 3*i - 1. Let x be z(2). Let r = 0 - x. Calculate the greatest common divisor of r and 99.
11
Let z = -109 + 169. Suppose -a = -0*a - z. Calculate the highest common factor of 20 and a.
20
Suppose 4*r + 0*j - 3*j - 90 = 0, 3*r - 3*j - 69 = 0. What is the highest common factor of r and 189?
21
Suppose -5*l + 299 = 3*v + 63, -178 = -4*l + 3*v. Let y = l - 32. What is the greatest common divisor of 35 and y?
7
Let q = 9 - 4. Suppose 0*s = -s + q. Let m = 7 + -5. Calculate the greatest common factor of s and m.
1
Let z be (-1)/(-3) - 28/(-6). Suppose 0 = 4*k - 2*v - 14, 0*k - 20 = -z*k + 3*v. What is the greatest common divisor of k and 2?
1
Suppose -8*k = -9*k + 65. Calculate the greatest common divisor of k and 13.
13
Let z(m) = -m. Let x be z(-2). Suppose -3*s + 46 = o, -s - x*o + 4 = -3. Calculate the highest common divisor of 17 and s.
17
Let p = 155 + -132. Calculate the greatest common divisor of p and 69.
23
Let x be 20/(3/2 - (1 - 0)). What is the highest common factor of x and 5?
5
Let p(b) = -60*b**2. Let v be p(-1). Let d = v + 130. What is the highest common divisor of 10 and d?
10
Let z(t) = t**3 - 5*t**2 + 2. Let c(d) = 4*d**2 + d. Let j be c(1). Let s be z(j). Suppose -65 = -s*o + 75. Calculate the highest common factor of 7 and o.
7
Let r be 17/3 - (-12)/(-18). Suppose -2 = r*i - 17. What is the highest common divisor of i and 2?
1
Let h(d) = -2*d**3 + d + 34. Let b be h(0). What is the greatest common factor of 119 and b?
17
Suppose 4*o - 2*w - 28 = 3*o, o - 3*w - 32 = 0. Let d = -123 - -195. Let k = 212 - d. What is the greatest common divisor of k and o?
20
Suppose 5*l = -5*j + j + 55, 0 = -4*l - j + 33. What is the greatest common divisor of l and 28?
7
Let b be (27/(-18))/(6/(-16)). Calculate the greatest common factor of b and 16.
4
Suppose 1 - 5 = -2*f. Suppose 64 = f*k - 4*w, -154 = -4*k + 5*w - 38. Let c(p) = p - 3. Let l be c(6). Calculate the highest common divisor of l and k.
3
Let h be ((-20)/8)/5*2. Let o be (-42)/18*(-2 + h). Calculate the highest common factor of o and 56.
7
Let c be 3/(-12) - (-50)/8. Suppose -3*y = -5*q + 2, 5*y + 2*q - 7*q - 10 = 0. Calculate the highest common divisor of c and y.
6
Let i be (13 + (-12)/(-4))*(-154)/(-8). What is the greatest common factor of i and 44?
44
Let y(i) = -i**3 - i**2 + 30. Let j be y(0). Let v = -12 - 10. Let a = -10 - v. Calculate the highest common divisor of a and j.
6
Let b(c) = c + 144. Let r be b(0). Let n be 80/(-15)*(-9)/(-4). Let f be n/(-78) - (-206)/13. What is the greatest common factor of r and f?
16
Let b be (-2 + 1)/(3/(-30)). Let o = -11 + 51. Calculate the highest common factor of o and b.
10
Let c be ((-266)/40 + (-4)/(-16))*-10. What is the greatest common factor of c and 16?
16
Suppose 13*p - 108 = 10*p. Calculate the greatest common factor of p and 12.
12
Let n = -26 + 80. Let i = -35 + n. What is the greatest common divisor of i and 95?
19
Suppose -5*o - 28 = -3*x, 5*x + 9 = -3*o + 33. What is the greatest common factor of x and 30?
6
Suppose 3*l = 4*l - 3. Suppose -k - 8 = -l*k. Let r be -1*k*(-19)/4. Calculate the greatest common factor of r and 190.
19
Let n = 46 - 37. Calculate the greatest common factor of 99 and n.
9
Let d = 6 - 0. Let h = d + 2. Suppose -4*a + 283 = -q, -4*a = 4*q - 444 + 136. Calculate the greatest common factor of a and h.
8
Let a(m) = -m**2 - 14*m - 4. Let t be a(-12). What is the greatest common factor of 20 and t?
20
Let s = 19 - 14. Suppose 4*u - q = 3*u + 33, -q = 3*u - 107. What is the highest common divisor of s and u?
5
Suppose 5*c - 25 = 0, -3*a + 5*a + 10 = 4*c. Suppose -z + a = -5. What is the greatest common divisor of z and 40?
10
Let s be (0 - 0)/(1 + -3). Let q be (s - -1)*(-2 - -18). Let t(b) = 44*b - 4. Let z be t(3). Calculate the highest common divisor of q and z.
16
Suppose 2*g - 2 = 6. Suppose -v - g*v = j - 46, 2*j = 2. Calculate the highest common factor of 36 and v.
9
Let q = -64 - -97. What is the greatest common factor of 132 and q?
33
Let u = 47 + -11. Let o(n) = n**3 - n**2 - n + 9. Let y be o(0). Calculate the highest common divisor of u and y.
9
Let v be 0 - (-7 + (-4)/(-2)). Suppose v*l + 20 = 200. Let m = 23 + -19. What is the highest common factor of m and l?
4
Let x be 2/6 - (-264)/(-9). Let k = x - -41. What is the greatest common divisor of k and 8?
4
Let g be 28 + (-3)/3 + 8 + -7. What is the highest common divisor of g and 56?
28
Let q(j) = j**2 + 29*j - 14. Let f be q(-30). Calculate the highest common divisor of 16 and f.
16
Let w(z) = 106*z**2 - 2*z + 1. Let m be w(1). Suppose -9*q + 5*u = -5*q - 188, 4*q + 5*u - 148 = 0. What is the greatest common divisor of q and m?
21
Suppose -4*o + 8*o = -2*u + 256, 0 = -2*o - 3*u + 120. What is the greatest common divisor of o and 11?
11
Suppose -2*g = -4*a - 5*g + 92, 0 = 4*a + 5*g - 84. What is the greatest common factor of 39 and a?
13
Let b(u) = u**2 + 12*u + 5. Let z be b(-12). Calculate the greatest common factor of z and 5.
5
Let s(j) = 10*j + 4. Let o be s(-9). Let y be o/(-1) + 2/1. Calculate the greatest common factor of 11 and y.
11
Let j be (-5)/(-1)*(-140)/(-10). Suppose -5*c = -c + 5*s - 66, -3*s + 6 = 0. Calculate the highest common factor of j and c.
14
Let n(y) = y**3 - 7*y - 1. Let m be n(-3). Let w = 61 + m. Let k(j) = j**3 + 5*j**2 - 8*j - 6. Let x be k(-6). What is the highest common divisor of w and x?
6
Let f(l) be the third derivative of -l**5/60 - 7*l**4/24 - l**3/3 + 4*l**2. Let h be f(-3). Calculate the highest common divisor of h and 20.
10
Let m = 121 + -41. Calculate the greatest common factor of 10 and m.
10
Let s(p) = p + 6. Let q = 20 - 14. Let z be s(q). Calculate the highest common factor of 3 and z.
3
Let t = 14 + -2. Suppose 12 + t = 3*o. Calculate the highest common factor of 8 and o.
8
Let c be 0 + 22 - (-19)/19. Calculate the greatest common factor of c and 69.
23
Let n(v) = 2*v**3 + 4*v**2 - 3*v - 2. Let x be n(2). What is the greatest common divisor of 12 and x?
12
Suppose o + 65 = 6*o. Let f = -36 + -97. Let s = f + 198. Calculate the greatest common divisor of s and o.
13
Suppose 0 = p + 3*p - 828. What is the highest common divisor of 23 and p?
23
Suppose 4*b - 84 = 4*c, b + c - 111 = -4*b. Calculate the highest common divisor of b and 2.
2
Let g be ((1 + -217)/(-3))/(2/5). Suppose -2*d + 6 = 0, -3*r + d - 6 = -3*d. L